d 136?
17
What is the highest common factor of 1024 and 384?
128
Calculate the greatest common divisor of 48 and 528.
48
What is the greatest common factor of 13 and 1937?
13
Calculate the greatest common divisor of 595 and 35.
35
Calculate the greatest common factor of 98 and 6125.
49
What is the greatest common factor of 44 and 2519?
11
Calculate the greatest common factor of 25 and 95.
5
What is the highest common divisor of 128 and 3712?
128
What is the greatest common factor of 24 and 3944?
8
What is the highest common divisor of 3725 and 25?
25
Calculate the highest common divisor of 304 and 112.
16
Calculate the greatest common factor of 29 and 29.
29
Calculate the highest common divisor of 102 and 68.
34
What is the highest common factor of 5258 and 22?
22
What is the greatest common factor of 102 and 9?
3
What is the highest common divisor of 24 and 6?
6
Calculate the greatest common factor of 6 and 1662.
6
What is the greatest common divisor of 208 and 2032?
16
Calculate the highest common factor of 152 and 9500.
76
Calculate the greatest common factor of 700 and 1300.
100
What is the highest common divisor of 74 and 10?
2
Calculate the highest common divisor of 3388 and 14.
14
Calculate the highest common factor of 68 and 3026.
34
Calculate the highest common factor of 8 and 124.
4
Calculate the highest common divisor of 1421 and 116.
29
What is the greatest common divisor of 13048 and 56?
56
Calculate the highest common divisor of 10 and 50.
10
What is the greatest common divisor of 435 and 135?
15
Calculate the greatest common factor of 104 and 40.
8
What is the greatest common divisor of 80 and 3580?
20
Calculate the highest common divisor of 125 and 860.
5
Calculate the highest common factor of 9 and 4461.
3
Calculate the greatest common divisor of 16011 and 27.
27
Calculate the greatest common divisor of 10 and 2505.
5
Calculate the highest common factor of 2730 and 560.
70
Calculate the greatest common factor of 5461 and 127.
127
Calculate the greatest common divisor of 1160 and 40.
40
Calculate the greatest common divisor of 2941 and 3460.
173
Calculate the highest common factor of 341 and 527.
31
What is the greatest common divisor of 846 and 33?
3
Calculate the highest common divisor of 2070 and 36.
18
Calculate the highest common divisor of 15 and 75.
15
Calculate the highest common factor of 679 and 776.
97
What is the highest common factor of 25845 and 15?
15
What is the highest common divisor of 12 and 24?
12
What is the greatest common factor of 235 and 5?
5
What is the greatest common divisor of 22008 and 168?
168
Calculate the greatest common divisor of 24 and 88.
8
What is the highest common divisor of 87 and 1856?
29
Calculate the greatest common factor of 28150 and 100.
50
Calculate the highest common factor of 7296 and 57.
57
What is the greatest common divisor of 140 and 940?
20
Calculate the highest common factor of 171 and 1501.
19
What is the highest common factor of 62540 and 53?
53
Calculate the highest common divisor of 184 and 943.
23
Calculate the highest common factor of 1134 and 270.
54
Calculate the greatest common divisor of 1037 and 61.
61
Calculate the highest common divisor of 403 and 52.
13
Calculate the highest common divisor of 40 and 1808.
8
What is the greatest common factor of 30 and 130?
10
Calculate the highest common factor of 12 and 84.
12
Calculate the greatest common divisor of 43 and 2881.
43
Calculate the highest common factor of 160 and 45.
5
Calculate the greatest common divisor of 17740 and 20.
20
What is the greatest common divisor of 63 and 72?
9
What is the highest common factor of 286 and 78?
26
Calculate the greatest common divisor of 845 and 10.
5
What is the highest common divisor of 4760 and 1120?
280
What is the greatest common divisor of 128 and 8?
8
What is the greatest common factor of 169 and 13?
13
Calculate the greatest common divisor of 176 and 128.
16
What is the highest common factor of 275 and 66?
11
Calculate the greatest common divisor of 5 and 395.
5
Calculate the highest common divisor of 209 and 55.
11
What is the greatest common factor of 6806 and 82?
82
Calculate the greatest common divisor of 2598 and 48.
6
Calculate the highest common factor of 13965 and 285.
285
Calculate the highest common divisor of 323 and 304.
19
Calculate the greatest common divisor of 204 and 901.
17
Calculate the greatest common factor of 192 and 186.
6
What is the greatest common divisor of 465 and 1488?
93
What is the highest common divisor of 365 and 10?
5
What is the greatest common factor of 3 and 237?
3
What is the greatest common divisor of 24 and 3684?
12
Calculate the greatest common factor of 25 and 3325.
25
Calculate the highest common divisor of 1343 and 1264.
79
What is the highest common divisor of 1664 and 26?
26
What is the greatest common factor of 138 and 84?
6
Calculate the highest common factor of 66 and 264.
66
What is the greatest common factor of 6721 and 13?
13
What is the highest common divisor of 126 and 63000?
126
What is the highest common divisor of 9329 and 19?
19
What is the greatest common divisor of 200 and 75?
25
What is the highest common divisor of 344 and 43?
43
Calculate the greatest common divisor of 305 and 1769.
61
Calculate the highest common divisor of 25 and 1165.
5
What is the greatest common factor of 316 and 57670?
158
Calculate the greatest common divisor of 176 and 44.
44
Calculate the highest common factor of 2 and 47.
1
What is the highest common divisor of 42 and 504?
42
What is the greatest common factor of 36 and 30?
6
Calculate the highest common factor of 468 and 72.
36
What is the highest common factor of 475 and 190?
95
What is the greatest common factor of 1430 and 110?
110
Calculate the highest common factor of 150 and 6810.
30
What is the greatest common divisor of 16 and 7184?
16
Calculate the highest common factor of 300 and 12.
12
What is the greatest common factor of 246 and 30?
6
Calculate the greatest common factor of 91 and 481.
13
What is the highest common factor of 8 and 5384?
8
What is the highest common divisor of 42 and 378?
42
What is the highest common factor of 1113 and 105?
21
What is the highest common factor of 100 and 100?
100
What is the greatest common divisor of 105 and 140?
35
What is the highest common factor of 4920 and 120?
120
Calculate the greatest common divisor of 11153 and 38.
19
Calculate the highest common divisor of 480 and 6960.
240
What is the highest common divisor of 1173 and 115?
23
Calculate the greatest common factor of 28 and 39452.
28
Calculate the greatest common divisor of 211 and 52961.
211
What is the highest common factor of 80 and 1720?
40
What is the highest common divisor of 2211 and 11?
11
What is the highest common divisor of 2023 and 35?
7
What is the highest common divisor of 308 and 231?
77
What is the highest common factor of 630 and 84?
42
Calculate the greatest common divisor of 477 and 9.
9
What is the greatest common divisor of 26 and 351?
13
Calculate the highest common divisor of 784 and 175.
7
What is the greatest common factor of 5 and 190?
5
Calculate the highest common divisor of 480 and 384.
96
Calculate the highest common divisor of 126 and 1554.
42
Calculate the highest common factor of 35 and 25.
5
Calculate the highest common divisor of 4 and 8.
4
What is the greatest common divisor of 118 and 2?
2
What is the greatest common divisor of 44 and 20966?
22
What is the highest common factor of 462 and 43197?
231
What is the greatest common divisor of 1133 and 103?
103
What is the highest common divisor of 1725 and 2700?
75
Calculate the highest common factor of 576 and 3904.
64
Calculate the highest common divisor of 170 and 374.
34
Calculate the greatest common divisor of 6 and 2.
2
Calculate the greatest common factor of 100 and 12740.
20
What is the highest common factor of 12331 and 418?
209
What is the highest common factor of 11 and 4939?
11
What is the highest common divisor of 328 and 246?
82
What is the highest common divisor of 54 and 522?
18
Calculate the highest common divisor of 488 and 183.
61
Calculate the highest common factor of 7661 and 326.
163
What is the highest common divisor of 4 and 50?
2
What is the greatest common diviso